rs of f.
2
Suppose -8*h + 4*h - 76 = 0. Let p = -15 - h. What are the prime factors of p?
2
Let p be ((-3)/(-9)*0)/(-1). Let r(x) = -5*x + x**3 + p*x**2 + 3*x**2 + 2*x. What are the prime factors of r(-3)?
3
Suppose 2*w = 2*t + 32, -5*w + 2*t = -48 - 35. Suppose 2*s = w - 3. What are the prime factors of s?
7
Suppose 390 = 3*u - 2*k - 313, 3*k + 477 = 2*u. List the prime factors of u.
3, 7, 11
Let m(c) = -16*c + 5. Let w be m(2). Let a = -4 - w. What are the prime factors of a?
23
Let m = 723 + -330. What are the prime factors of m?
3, 131
Let z = -87 + 146. What are the prime factors of z?
59
Suppose -2*u = -0*u - 64. Suppose 2*v + 12 = u. List the prime factors of v.
2, 5
Let o(u) = -2*u - 2 + u**2 - 3 - u - 3*u. Let i be o(7). What are the prime factors of i/5 + (-66)/(-10)?
7
Let j = 3 - 1. Suppose j*y + 14 = -3*t, 2*y + 3*y - 7 = 3*t. List the prime factors of (y/2)/((-6)/120).
2, 5
Let w = -41 - -25. Let r = -11 - w. Suppose s - 7 = r. What are the prime factors of s?
2, 3
Let c(g) = g**3 + 5*g**2 - g. Let x be c(-5). Let f = x + -13. Let h = 13 + f. What are the prime factors of h?
5
Let q be (5/10)/(2/(-152)). Let t = -12 - q. What are the prime factors of t?
2, 13
Suppose 2*z + 4 = z. Let o be (-6 - -2)*34/z. Suppose -5*h + o + 11 = 0. What are the prime factors of h?
3
Let t(u) = u + 12. Let o be 6/15 + 111/(-15). List the prime factors of t(o).
5
Let q = -9 - -3. Let h(s) = -19*s - 12. Let l(k) = 3*k + 2. Let u(g) = -6*h(g) - 39*l(g). What are the prime factors of u(q)?
2, 3
Let y = 307 + -88. What are the prime factors of y?
3, 73
Let o(c) = -c**3 + 7*c**2 - 6*c + 4. Suppose -2*p - 3*h - 2 = 0, 3*p = 3*h - 2*h + 19. Suppose -p*x + 26 = v, -x + 5 = 1. List the prime factors of o(v).
2
Let c = 8 + -24. Let t = -36 - c. What are the prime factors of (16/t)/(1/(-5))?
2
Let l(u) = -3*u - 2. Let v be l(-2). Suppose -1 - v = -r. Let a = r + -3. List the prime factors of a.
2
Let i = 21 - 8. Suppose i = 2*n + 3*a, 0 = a - 0 + 1. What are the prime factors of n/28 - (-94)/14?
7
What are the prime factors of -2 - -15 - (-1)/(-1)?
2, 3
Suppose -34 + 6 = -4*r. List the prime factors of r + -1 - (-12)/6.
2
Let r = -59 - -63. List the prime factors of r.
2
Let c(l) = -l**2 + 14*l + 2. Let v be c(6). Let a be 4*(26/8 - 2). Suppose v - 20 = a*t. List the prime factors of t.
2, 3
Let c be 0/(-3) - 8*-3. Let u = 51 - c. List the prime factors of u.
3
Suppose -4*q - 136 = 12. Let v = 53 + q. List the prime factors of v.
2
Let y(t) = t**2 + 8. Let z be y(0). Let b be (z/(-3))/(8/(-108)). Suppose 3*x - 9 = b. List the prime factors of x.
3, 5
Let p(s) = s + 7. Let a(i) = i + 5. Let h(v) = -8*a(v) + 5*p(v). What are the prime factors of h(-5)?
2, 5
Suppose 8*o - 3*o = 20. List the prime factors of (-43)/(-9) + o/18.
5
Suppose 4*v = -2*l - 12, -l + 5 = -4*v - 7. Suppose -3*n + 5*h - 50 = -8*n, l = h. What are the prime factors of n?
2, 5
Suppose 3*z = 7*z. Suppose 3 = -z*q + q. Suppose -h = -4 - q. List the prime factors of h.
7
Suppose -2*k - 3*i = 7, -3*k - i = -0*i. Suppose -4*m + 2*d - 4 = 0, 5*m - d - 4*d + 15 = 0. List the prime factors of k - (m/(-1))/1.
2
Suppose 9*k + 402 = 3*k. Let x = -30 - k. What are the prime factors of x?
37
What are the prime factors of (12/(-18))/(2/(-90))?
2, 3, 5
Let z = -76 + 106. Suppose l = -4*l - z. What are the prime factors of 15/5*(-34)/l?
17
What are the prime factors of (-90)/(-7 - -2)*(-44)/(-8)?
3, 11
List the prime factors of 3 - -16 - (0 - -3).
2
Let m be 3/5 - 22/(-5). Suppose m*a + l = 101, 0 = 2*a - 2*l - 63 + 13. Suppose -x + 2*x - a = 0. List the prime factors of x.
3, 7
Let n = 98 - 56. What are the prime factors of n?
2, 3, 7
Let q(i) = -3*i + 2. What are the prime factors of q(-3)?
11
List the prime factors of (5/(-15))/(2/(-84)).
2, 7
Let h be ((-6)/3)/((-3)/18). Suppose 3*l = -3 + h. List the prime factors of l.
3
Let p(q) = q**2 - 30*q - 86. List the prime factors of p(34).
2, 5
Let l(d) = -d**3 - 13*d**2 - 13*d - 3. Let u be l(-12). Suppose 13 = v + u. What are the prime factors of v?
2
Let t(a) = a**2. Let d(u) = -4*u**2 + 7*u - 9. Let f(i) = -d(i) - 3*t(i). List the prime factors of f(6).
3
Let w be 0/(2*(-3)/6). Suppose w = -2*i + 11 + 13. What are the prime factors of i?
2, 3
Let p(h) = -53*h + 2. What are the prime factors of p(-3)?
7, 23
Let p = -19 - -44. List the prime factors of p.
5
Let m = 5 + -1. Let h(b) = b**3 - 4*b**2 + 2*b - 4. Let i be h(m). Let s = 7 - i. List the prime factors of s.
3
Let t = 17 - -68. What are the prime factors of t?
5, 17
Let q(v) = -12 - 4*v + 12. List the prime factors of q(-2).
2
Suppose 2*v = -v. Let g be ((-12)/9)/(6/(-27)). Suppose -j - g + 25 = v. List the prime factors of j.
19
Let w be -5 + (3 - 8) + 2. List the prime factors of (w/6)/(3/(-36)).
2
Let n(m) = m**2 - 16*m + 3. Let o be n(12). List the prime factors of (-1)/(o/(-23) + -2).
23
List the prime factors of 2/(-6) - 440/(-24).
2, 3
Let p(s) be the first derivative of 2*s**3/3 + s**2 + s - 1. Let j be p(-3). List the prime factors of 1 + (-1)/((-1)/j).
2, 7
Suppose -2*b - 9 = b. Suppose 6 = 3*n - 21. What are the prime factors of (2/b)/((-2)/n)?
3
Let a(t) = 8*t**2 - 2*t. List the prime factors of a(1).
2, 3
Let w = -3 - -5. Let c = w + 2. Suppose 4*i + i = -a - 3, 0 = a - 2*i - c. List the prime factors of a.
2
Let k(a) = 91*a**2 - 3*a + 2. List the prime factors of k(1).
2, 3, 5
Let x(g) = -g**3 + 11*g**2 - 11*g + 4. What are the prime factors of x(7)?
3, 41
Suppose k = 3*w - 7*w + 64, 3*k = -5*w + 185. List the prime factors of k.
2, 3, 5
Suppose 0*l = 5*l - 125. List the prime factors of l.
5
Let a(f) = f**3 + 12*f**2 - 2*f + 13. Let j be 2 + 1*(-42)/3. List the prime factors of a(j).
37
Let q be (-56)/(-10) + 2/5. Suppose x = 17 - q. What are the prime factors of x?
11
What are the prime factors of 436/14 + (-3)/21?
31
Suppose -t + j - 3 + 11 = 0, -4*t + 3*j + 27 = 0. Let w be (t + 2)*(-6)/(-5). Let f(d) = 3*d - 8. List the prime factors of f(w).
2, 5
Let t(x) = -x**3 - 10*x**2 - 14*x - 5. What are the prime factors of t(-10)?
3, 5
Let g = -52 - -78. List the prime factors of g.
2, 13
What are the prime factors of 17*(-1)/(-5)*5?
17
Suppose 0 = -2*a - 2 + 4. Suppose 3*p - 234 = -3*s, 3*p = s - 72 - 10. Suppose -5*o + a = -s. What are the prime factors of o?
2
Suppose l + n = -4, 0 = -l - 7*n + 3*n - 19. List the prime factors of -21*l/6*-2.
7
Suppose x - 11 = 15. List the prime factors of x.
2, 13
Let j = 141 + 52. What are the prime factors of j?
193
Suppose 0 = 2*d - 6*l + 2*l - 12, 5*l = -15. Let o be 3*(d - (-12)/9). What are the prime factors of ((-6)/o)/(9/(-12))?
2
Let l(t) = t**3 + 4*t**2 + 3*t + 2. List the prime factors of l(-2).
2
Suppose -6 = -2*x + 8. Let y(h) = 6*h**3 + 2*h**2 - 1. Let o be y(-1). Let k = x + o. What are the prime factors of k?
2
Suppose 4*b + 4*g - 8 = -4, 0 = 4*b + 3*g - 5. Suppose -u = -0*u - b*j - 18, 3*j + 19 = u. List the prime factors of u.
2
Suppose 5*m = 2 + 18. Suppose -m*w = -64 + 16. List the prime factors of w.
2, 3
Suppose 374 = -m + 4*m - l, 2*l = 3*m - 370. List the prime factors of m.
2, 3, 7
Let z = -168 + 248. What are the prime factors of z?
2, 5
Suppose -3*n = -5*r - 0*n - 5, -r + 2*n - 8 = 0. Suppose -3 = -r*b + 1. Suppose -k + 0*k + b = 0. List the prime factors of k.
2
Suppose -5*x + 58 = 4*y - 53, -4*x = -3*y + 60. What are the prime factors of y?
2, 3
Let s(z) = z**3 + 16*z**2 - 12*z - 17. List the prime factors of s(-16).
5, 7
Let s(x) = -x**3 + 4*x**2 + 3*x. What are the prime factors of s(4)?
2, 3
Suppose j = 3*y + 110, 2*j = 5*y + 264 - 45. What are the prime factors of j?
107
Let r(q) = -q. Let p be r(-2). Suppose -p*m = m - 9. List the prime factors of m.
3
Let t = 9 + 13. What are the prime factors of (-3 + t + 0)/1?
19
Suppose -5 = -3*t - 2, -194 = -2*u - 2*t. Suppose 2*x = 4*j - u, -2*x + 14 = j - 0*x. List the prime factors of j.
2, 11
Let w = -8 - -14. What are the prime factors of w?
2, 3
Let o(v) = -5*v + 3. Let r be (3 + -4)/((-1)/2). Let c be o(r). Let u = c + 26. What are the prime factors of u?
19
Suppose 15 - 121 = -2*k. Suppose 3*j + k = 164. What are the prime factors of j?
37
Let b(s) = s**3 + 15*s**2 + 19*s + 39. What are the prime factors of b(-12)?
3
Suppose 164 = 4*u - 5*v - 84, -3*u + 189 = -3*v. Wha